{"id":1729,"date":"2025-10-27T16:29:27","date_gmt":"2025-10-27T15:29:27","guid":{"rendered":"https:\/\/centrazensudgrenoble.com\/?post_type=product&#038;p=1729"},"modified":"2025-10-28T10:38:03","modified_gmt":"2025-10-28T09:38:03","slug":"bracelet-unakite-naturelle-perles-6-mm","status":"publish","type":"product","link":"https:\/\/centrazensudgrenoble.com\/index.php\/produit\/bracelet-unakite-naturelle-perles-6-mm\/","title":{"rendered":"Bracelet Unakite Naturelle \u2013 Perles 6 mm"},"content":{"rendered":"<p data-start=\"260\" data-end=\"498\">D\u00e9couvrez l\u2019\u00e9nergie apaisante de l\u2019<strong data-start=\"295\" data-end=\"306\">unakite<\/strong>, une pierre naturelle d\u2019harmonie et d\u2019\u00e9quilibre \u00e9motionnel. Ce <strong data-start=\"370\" data-end=\"412\">bracelet en pierres naturelles de 6 mm<\/strong> associe \u00e9l\u00e9gance et bienfaits \u00e9nerg\u00e9tiques, parfait pour le bien-\u00eatre au quotidien.<\/p>\n<p data-start=\"500\" data-end=\"550\">\ud83d\udc9a <strong data-start=\"503\" data-end=\"546\">Bienfaits de l\u2019unakite en lithoth\u00e9rapie<\/strong> :<\/p>\n<ul data-start=\"551\" data-end=\"817\">\n<li data-start=\"551\" data-end=\"605\">\n<p data-start=\"553\" data-end=\"605\">Favorise l\u2019<strong data-start=\"564\" data-end=\"603\">\u00e9quilibre entre le c\u0153ur et l\u2019esprit<\/strong><\/p>\n<\/li>\n<li data-start=\"606\" data-end=\"676\">\n<p data-start=\"608\" data-end=\"676\">Aide \u00e0 <strong data-start=\"615\" data-end=\"648\">lib\u00e9rer les \u00e9motions bloqu\u00e9es<\/strong> et les blessures du pass\u00e9<\/p>\n<\/li>\n<li data-start=\"677\" data-end=\"752\">\n<p data-start=\"679\" data-end=\"752\">Encourage la <strong data-start=\"692\" data-end=\"723\">reconstruction \u00e9motionnelle<\/strong> et la <strong data-start=\"730\" data-end=\"750\">confiance en soi<\/strong><\/p>\n<\/li>\n<li data-start=\"753\" data-end=\"817\">\n<p data-start=\"755\" data-end=\"817\">Apporte <strong data-start=\"763\" data-end=\"799\">calme, patience et bienveillance<\/strong> envers soi-m\u00eame<\/p>\n<\/li>\n<\/ul>\n<p data-start=\"819\" data-end=\"957\">\ud83c\udf19 <strong data-start=\"822\" data-end=\"855\">Signes astrologiques associ\u00e9s<\/strong> : Taureau, Balance, Scorpion<br data-start=\"884\" data-end=\"887\" \/>\ud83d\udc96 <strong data-start=\"890\" data-end=\"912\">\u00c9motions soutenues<\/strong> : apaisement, pardon, stabilit\u00e9 int\u00e9rieure<\/p>\n<p data-start=\"959\" data-end=\"1223\">\u2728 L\u2019unakite est id\u00e9ale pour ceux qui recherchent un <strong data-start=\"1011\" data-end=\"1043\">bracelet en pierre naturelle<\/strong> favorisant la <strong data-start=\"1058\" data-end=\"1083\">gu\u00e9rison \u00e9motionnelle<\/strong> et la <strong data-start=\"1090\" data-end=\"1111\">reconnexion \u00e0 soi<\/strong>.<br data-start=\"1112\" data-end=\"1115\" \/>Un bijou authentique et porteur d\u2019\u00e9nergie positive, \u00e0 porter chaque jour ou \u00e0 offrir \u00e0 une personne ch\u00e8re.<\/p>\n","protected":false},"excerpt":{"rendered":"<p>\ud83d\udc9a <strong data-start=\"131\" data-end=\"218\">Retrouvez l\u2019\u00e9quilibre du c\u0153ur et de l\u2019esprit avec l\u2019\u00e9nergie apaisante de l\u2019unakite.<\/strong><\/p>\n","protected":false},"featured_media":1737,"comment_status":"open","ping_status":"closed","template":"","meta":{"_uag_custom_page_level_css":"","_swt_meta_header_display":false,"_swt_meta_footer_display":false,"_swt_meta_site_title_display":false,"_swt_meta_sticky_header":false,"_swt_meta_transparent_header":false},"product_brand":[29],"product_cat":[28],"product_tag":[86,68,87,88,85],"class_list":{"0":"post-1729","1":"product","2":"type-product","3":"status-publish","4":"has-post-thumbnail","6":"product_brand-centrazen","7":"product_cat-bracelet","8":"product_tag-bracelet","9":"product_tag-confiance-en-soi","10":"product_tag-emotion","11":"product_tag-reconnexion","12":"product_tag-unakite","14":"first","15":"instock","16":"taxable","17":"shipping-taxable","18":"purchasable","19":"product-type-variable"},"uagb_featured_image_src":{"full":["https:\/\/centrazensudgrenoble.com\/wp-content\/uploads\/2025\/10\/DSC04129.webp",1210,929,false],"thumbnail":["https:\/\/centrazensudgrenoble.com\/wp-content\/uploads\/2025\/10\/DSC04129-150x150.webp",150,150,true],"medium":["https:\/\/centrazensudgrenoble.com\/wp-content\/uploads\/2025\/10\/DSC04129-300x230.webp",300,230,true],"medium_large":["https:\/\/centrazensudgrenoble.com\/wp-content\/uploads\/2025\/10\/DSC04129-768x590.webp",768,590,true],"large":["https:\/\/centrazensudgrenoble.com\/wp-content\/uploads\/2025\/10\/DSC04129-1024x786.webp",1024,786,true],"1536x1536":["https:\/\/centrazensudgrenoble.com\/wp-content\/uploads\/2025\/10\/DSC04129.webp",1210,929,false],"2048x2048":["https:\/\/centrazensudgrenoble.com\/wp-content\/uploads\/2025\/10\/DSC04129.webp",1210,929,false],"woocommerce_thumbnail":["https:\/\/centrazensudgrenoble.com\/wp-content\/uploads\/2025\/10\/DSC04129-300x300.webp",300,300,true],"woocommerce_single":["https:\/\/centrazensudgrenoble.com\/wp-content\/uploads\/2025\/10\/DSC04129-600x461.webp",600,461,true],"woocommerce_gallery_thumbnail":["https:\/\/centrazensudgrenoble.com\/wp-content\/uploads\/2025\/10\/DSC04129-100x100.webp",100,100,true]},"uagb_author_info":{"display_name":"admin9646","author_link":"https:\/\/centrazensudgrenoble.com\/index.php\/author\/"},"uagb_comment_info":0,"uagb_excerpt":"\ud83d\udc9a Retrouvez l\u2019\u00e9quilibre du c\u0153ur et de l\u2019esprit avec l\u2019\u00e9nergie apaisante de l\u2019unakite.","_links":{"self":[{"href":"https:\/\/centrazensudgrenoble.com\/index.php\/wp-json\/wp\/v2\/product\/1729","targetHints":{"allow":["GET"]}}],"collection":[{"href":"https:\/\/centrazensudgrenoble.com\/index.php\/wp-json\/wp\/v2\/product"}],"about":[{"href":"https:\/\/centrazensudgrenoble.com\/index.php\/wp-json\/wp\/v2\/types\/product"}],"replies":[{"embeddable":true,"href":"https:\/\/centrazensudgrenoble.com\/index.php\/wp-json\/wp\/v2\/comments?post=1729"}],"wp:featuredmedia":[{"embeddable":true,"href":"https:\/\/centrazensudgrenoble.com\/index.php\/wp-json\/wp\/v2\/media\/1737"}],"wp:attachment":[{"href":"https:\/\/centrazensudgrenoble.com\/index.php\/wp-json\/wp\/v2\/media?parent=1729"}],"wp:term":[{"taxonomy":"product_brand","embeddable":true,"href":"https:\/\/centrazensudgrenoble.com\/index.php\/wp-json\/wp\/v2\/product_brand?post=1729"},{"taxonomy":"product_cat","embeddable":true,"href":"https:\/\/centrazensudgrenoble.com\/index.php\/wp-json\/wp\/v2\/product_cat?post=1729"},{"taxonomy":"product_tag","embeddable":true,"href":"https:\/\/centrazensudgrenoble.com\/index.php\/wp-json\/wp\/v2\/product_tag?post=1729"}],"curies":[{"name":"wp","href":"https:\/\/api.w.org\/{rel}","templated":true}]}}