{"id":1670,"date":"2025-09-22T15:42:51","date_gmt":"2025-09-22T13:42:51","guid":{"rendered":"https:\/\/centrazensudgrenoble.com\/?post_type=product&#038;p=1670"},"modified":"2025-09-22T15:42:51","modified_gmt":"2025-09-22T13:42:51","slug":"bracelet-amazonite-du-bresil-perles-10-mm","status":"publish","type":"product","link":"https:\/\/centrazensudgrenoble.com\/index.php\/produit\/bracelet-amazonite-du-bresil-perles-10-mm\/","title":{"rendered":"Bracelet Amazonite du Br\u00e9sil \u2013 Perles 10 mm"},"content":{"rendered":"<p data-start=\"128\" data-end=\"381\">Avec ses reflets vert-bleu doux et apaisants, ce bracelet en <strong data-start=\"189\" data-end=\"212\">amazonite du Br\u00e9sil<\/strong> s\u00e9duit autant par sa beaut\u00e9 naturelle que par ses vertus \u00e9nerg\u00e9tiques. Confectionn\u00e9 en perles de 10 mm, il apporte \u00e9l\u00e9gance et s\u00e9r\u00e9nit\u00e9 \u00e0 celui ou celle qui le porte.<\/p>\n<h4 data-start=\"383\" data-end=\"417\">\ud83d\udc8e Bienfaits de l\u2019Amazonite<\/h4>\n<ul data-start=\"418\" data-end=\"684\">\n<li data-start=\"418\" data-end=\"503\">\n<p data-start=\"420\" data-end=\"503\">Pierre de <strong data-start=\"430\" data-end=\"453\">calme et d\u2019harmonie<\/strong>, elle aide \u00e0 apaiser les tensions et le stress.<\/p>\n<\/li>\n<li data-start=\"504\" data-end=\"555\">\n<p data-start=\"506\" data-end=\"555\">Favorise la <strong data-start=\"518\" data-end=\"552\">communication douce et sinc\u00e8re<\/strong>.<\/p>\n<\/li>\n<li data-start=\"556\" data-end=\"629\">\n<p data-start=\"558\" data-end=\"629\">Aide \u00e0 \u00e9quilibrer les \u00e9motions et \u00e0 retrouver la s\u00e9r\u00e9nit\u00e9 int\u00e9rieure.<\/p>\n<\/li>\n<li data-start=\"630\" data-end=\"684\">\n<p data-start=\"632\" data-end=\"684\">Encourage la joie de vivre et la confiance en soi.<\/p>\n<\/li>\n<\/ul>\n<h4 data-start=\"686\" data-end=\"726\">\ud83c\udf1f Pourquoi choisir ce bracelet ?<\/h4>\n<ul data-start=\"727\" data-end=\"914\">\n<li data-start=\"727\" data-end=\"784\">\n<p data-start=\"729\" data-end=\"784\">Un bijou lumineux qui s\u2019accorde avec tous les styles.<\/p>\n<\/li>\n<li data-start=\"785\" data-end=\"866\">\n<p data-start=\"787\" data-end=\"866\">Id\u00e9al pour cultiver la <strong data-start=\"810\" data-end=\"829\">paix int\u00e9rieure<\/strong> et attirer des \u00e9nergies positives.<\/p>\n<\/li>\n<li data-start=\"867\" data-end=\"914\">\n<p data-start=\"869\" data-end=\"914\">Allie esth\u00e9tisme et bien-\u00eatre au quotidien.<\/p>\n<\/li>\n<\/ul>\n<p data-start=\"916\" data-end=\"995\">\ud83d\udc49 Plus qu\u2019un simple bijou, un v\u00e9ritable <strong data-start=\"957\" data-end=\"992\">alli\u00e9 de douceur et d\u2019\u00e9quilibre<\/strong>.<\/p>\n","protected":false},"excerpt":{"rendered":"<p>Harmonie, douceur et \u00e9quilibre<\/p>\n","protected":false},"featured_media":1675,"comment_status":"open","ping_status":"closed","template":"","meta":{"_uag_custom_page_level_css":"","_swt_meta_header_display":false,"_swt_meta_footer_display":false,"_swt_meta_site_title_display":false,"_swt_meta_sticky_header":false,"_swt_meta_transparent_header":false},"product_brand":[29],"product_cat":[28],"product_tag":[54,75,66,76],"class_list":{"0":"post-1670","1":"product","2":"type-product","3":"status-publish","4":"has-post-thumbnail","6":"product_brand-centrazen","7":"product_cat-bracelet","8":"product_tag-amazonite","9":"product_tag-calme","10":"product_tag-douceur","11":"product_tag-harmonie","13":"first","14":"instock","15":"taxable","16":"shipping-taxable","17":"purchasable","18":"product-type-variable"},"uagb_featured_image_src":{"full":["https:\/\/centrazensudgrenoble.com\/wp-content\/uploads\/2025\/09\/1758543279153-1.webp",829,608,false],"thumbnail":["https:\/\/centrazensudgrenoble.com\/wp-content\/uploads\/2025\/09\/1758543279153-1-150x150.webp",150,150,true],"medium":["https:\/\/centrazensudgrenoble.com\/wp-content\/uploads\/2025\/09\/1758543279153-1-300x220.webp",300,220,true],"medium_large":["https:\/\/centrazensudgrenoble.com\/wp-content\/uploads\/2025\/09\/1758543279153-1-768x563.webp",768,563,true],"large":["https:\/\/centrazensudgrenoble.com\/wp-content\/uploads\/2025\/09\/1758543279153-1.webp",829,608,false],"1536x1536":["https:\/\/centrazensudgrenoble.com\/wp-content\/uploads\/2025\/09\/1758543279153-1.webp",829,608,false],"2048x2048":["https:\/\/centrazensudgrenoble.com\/wp-content\/uploads\/2025\/09\/1758543279153-1.webp",829,608,false],"woocommerce_thumbnail":["https:\/\/centrazensudgrenoble.com\/wp-content\/uploads\/2025\/09\/1758543279153-1-300x300.webp",300,300,true],"woocommerce_single":["https:\/\/centrazensudgrenoble.com\/wp-content\/uploads\/2025\/09\/1758543279153-1-600x440.webp",600,440,true],"woocommerce_gallery_thumbnail":["https:\/\/centrazensudgrenoble.com\/wp-content\/uploads\/2025\/09\/1758543279153-1-100x100.webp",100,100,true]},"uagb_author_info":{"display_name":"admin9646","author_link":"https:\/\/centrazensudgrenoble.com\/index.php\/author\/"},"uagb_comment_info":0,"uagb_excerpt":"Harmonie, douceur et \u00e9quilibre","_links":{"self":[{"href":"https:\/\/centrazensudgrenoble.com\/index.php\/wp-json\/wp\/v2\/product\/1670","targetHints":{"allow":["GET"]}}],"collection":[{"href":"https:\/\/centrazensudgrenoble.com\/index.php\/wp-json\/wp\/v2\/product"}],"about":[{"href":"https:\/\/centrazensudgrenoble.com\/index.php\/wp-json\/wp\/v2\/types\/product"}],"replies":[{"embeddable":true,"href":"https:\/\/centrazensudgrenoble.com\/index.php\/wp-json\/wp\/v2\/comments?post=1670"}],"wp:featuredmedia":[{"embeddable":true,"href":"https:\/\/centrazensudgrenoble.com\/index.php\/wp-json\/wp\/v2\/media\/1675"}],"wp:attachment":[{"href":"https:\/\/centrazensudgrenoble.com\/index.php\/wp-json\/wp\/v2\/media?parent=1670"}],"wp:term":[{"taxonomy":"product_brand","embeddable":true,"href":"https:\/\/centrazensudgrenoble.com\/index.php\/wp-json\/wp\/v2\/product_brand?post=1670"},{"taxonomy":"product_cat","embeddable":true,"href":"https:\/\/centrazensudgrenoble.com\/index.php\/wp-json\/wp\/v2\/product_cat?post=1670"},{"taxonomy":"product_tag","embeddable":true,"href":"https:\/\/centrazensudgrenoble.com\/index.php\/wp-json\/wp\/v2\/product_tag?post=1670"}],"curies":[{"name":"wp","href":"https:\/\/api.w.org\/{rel}","templated":true}]}}