{"id":1581,"date":"2025-09-03T16:35:03","date_gmt":"2025-09-03T14:35:03","guid":{"rendered":"https:\/\/centrazensudgrenoble.com\/?post_type=product&#038;p=1581"},"modified":"2025-09-03T16:35:04","modified_gmt":"2025-09-03T14:35:04","slug":"pack-suivi-du-sportif","status":"publish","type":"product","link":"https:\/\/centrazensudgrenoble.com\/index.php\/produit\/pack-suivi-du-sportif\/","title":{"rendered":"Pack Suivi du sportif"},"content":{"rendered":"<p>Un accompagnement r\u00e9gulier pour optimiser vos performances et acc\u00e9l\u00e9rer votre r\u00e9cup\u00e9ration.<\/p>\n<p>Gr\u00e2ce \u00e0 <strong>une s\u00e9ance de Shiatsu chaque mois,<\/strong> vous offrez \u00e0 votre corps un v\u00e9ritable soutien dans votre pratique sportive.<\/p>\n<p>-Am\u00e9lioration de la performance : lib\u00e9ration des tensions, meilleure circulation de l\u2019\u00e9nergie et concentration accrue.<\/p>\n<p>-R\u00e9cup\u00e9ration optimis\u00e9e : r\u00e9duction de la fatigue musculaire, pr\u00e9vention des blessures et r\u00e9g\u00e9n\u00e9ration plus rapide.<\/p>\n<p>-\u00c9quilibre global : le Shiatsu agit sur le physique et le mental pour vous permettre de progresser en toute s\u00e9r\u00e9nit\u00e9.<\/p>\n<p>Id\u00e9al pour les sportifs amateurs comme confirm\u00e9s, ce suivi mensuel vous aide \u00e0 rester au meilleur de votre forme tout au long de la saison.<\/p>\n<p>&nbsp;<\/p>\n<p>Pour prendre RDV :<\/p>\n\n<script>\n  if (typeof hasAmeliaEntitiesApiCall === 'undefined' && ('' === '' && '' !== '1')) {\n    var hasAmeliaEntitiesApiCall = true;\n  }\n  var ameliaShortcodeData = (typeof ameliaShortcodeData === 'undefined') ? [] : ameliaShortcodeData;\n  ameliaShortcodeData.push(\n    {\n      'hasApiCall': (typeof hasAmeliaEntitiesApiCall !== 'undefined') && hasAmeliaEntitiesApiCall,\n      'trigger': '',\n      'trigger_type': '',\n      'triggered_form': 'cbf',\n      'in_dialog': '',\n      'show': '',\n      'counter': '1000',\n      'package': '',\n      'category': '',\n      'service': '70',\n      'employee': '',\n      'location': '',\n      'categories_hidden': ''\n    }\n  );\n  var ameliaShortcodeDataTriggered = (typeof ameliaShortcodeDataTriggered === 'undefined') ? [] : ameliaShortcodeDataTriggered;\n  if (ameliaShortcodeData[ameliaShortcodeData.length - 1].trigger !== '') {\n    if (ameliaShortcodeDataTriggered.filter(a => a.counter === ameliaShortcodeData[ameliaShortcodeData.length - 1].counter).length === 0) {\n      ameliaShortcodeDataTriggered.push(ameliaShortcodeData.pop());\n    } else {\n      ameliaShortcodeData.pop()\n    }\n  }\n  if (typeof hasAmeliaEntitiesApiCall !== 'undefined' && hasAmeliaEntitiesApiCall) {\n    hasAmeliaEntitiesApiCall = false;\n  }\n<\/script>\n\n<div\n  id=\"amelia-v2-booking-1000\"\n  class=\"amelia-v2-booking\"\n>\n    <catalog-form-wrapper><\/catalog-form-wrapper><\/div>\n\n","protected":false},"excerpt":{"rendered":"<p>Ce suivi mensuel vous aide \u00e0 rester au meilleur de votre forme tout au long de la saison<\/p>\n","protected":false},"featured_media":1323,"comment_status":"open","ping_status":"closed","template":"","meta":{"_uag_custom_page_level_css":"","_swt_meta_header_display":false,"_swt_meta_footer_display":false,"_swt_meta_site_title_display":false,"_swt_meta_sticky_header":false,"_swt_meta_transparent_header":false},"product_brand":[29],"product_cat":[40],"product_tag":[45,71,70,48],"class_list":{"0":"post-1581","1":"product","2":"type-product","3":"status-publish","4":"has-post-thumbnail","6":"product_brand-centrazen","7":"product_cat-carte-cadeaux","8":"product_tag-recuperation","9":"product_tag-souplesse","10":"product_tag-sport","11":"product_tag-suivi","13":"first","14":"instock","15":"taxable","16":"shipping-taxable","17":"purchasable","18":"product-type-pw-gift-card"},"uagb_featured_image_src":{"full":["https:\/\/centrazensudgrenoble.com\/wp-content\/uploads\/2025\/08\/Sportifs-et-si-votre-prochain-challenge-commencait-par-mieux-recuperer-.webp",1080,1080,false],"thumbnail":["https:\/\/centrazensudgrenoble.com\/wp-content\/uploads\/2025\/08\/Sportifs-et-si-votre-prochain-challenge-commencait-par-mieux-recuperer--150x150.webp",150,150,true],"medium":["https:\/\/centrazensudgrenoble.com\/wp-content\/uploads\/2025\/08\/Sportifs-et-si-votre-prochain-challenge-commencait-par-mieux-recuperer--300x300.webp",300,300,true],"medium_large":["https:\/\/centrazensudgrenoble.com\/wp-content\/uploads\/2025\/08\/Sportifs-et-si-votre-prochain-challenge-commencait-par-mieux-recuperer--768x768.webp",768,768,true],"large":["https:\/\/centrazensudgrenoble.com\/wp-content\/uploads\/2025\/08\/Sportifs-et-si-votre-prochain-challenge-commencait-par-mieux-recuperer--1024x1024.webp",1024,1024,true],"1536x1536":["https:\/\/centrazensudgrenoble.com\/wp-content\/uploads\/2025\/08\/Sportifs-et-si-votre-prochain-challenge-commencait-par-mieux-recuperer-.webp",1080,1080,false],"2048x2048":["https:\/\/centrazensudgrenoble.com\/wp-content\/uploads\/2025\/08\/Sportifs-et-si-votre-prochain-challenge-commencait-par-mieux-recuperer-.webp",1080,1080,false],"woocommerce_thumbnail":["https:\/\/centrazensudgrenoble.com\/wp-content\/uploads\/2025\/08\/Sportifs-et-si-votre-prochain-challenge-commencait-par-mieux-recuperer-.webp",300,300,false],"woocommerce_single":["https:\/\/centrazensudgrenoble.com\/wp-content\/uploads\/2025\/08\/Sportifs-et-si-votre-prochain-challenge-commencait-par-mieux-recuperer-.webp",600,600,false],"woocommerce_gallery_thumbnail":["https:\/\/centrazensudgrenoble.com\/wp-content\/uploads\/2025\/08\/Sportifs-et-si-votre-prochain-challenge-commencait-par-mieux-recuperer-.webp",100,100,false]},"uagb_author_info":{"display_name":"admin9646","author_link":"https:\/\/centrazensudgrenoble.com\/index.php\/author\/"},"uagb_comment_info":0,"uagb_excerpt":"Ce suivi mensuel vous aide \u00e0 rester au meilleur de votre forme tout au long de la saison","_links":{"self":[{"href":"https:\/\/centrazensudgrenoble.com\/index.php\/wp-json\/wp\/v2\/product\/1581","targetHints":{"allow":["GET"]}}],"collection":[{"href":"https:\/\/centrazensudgrenoble.com\/index.php\/wp-json\/wp\/v2\/product"}],"about":[{"href":"https:\/\/centrazensudgrenoble.com\/index.php\/wp-json\/wp\/v2\/types\/product"}],"replies":[{"embeddable":true,"href":"https:\/\/centrazensudgrenoble.com\/index.php\/wp-json\/wp\/v2\/comments?post=1581"}],"wp:featuredmedia":[{"embeddable":true,"href":"https:\/\/centrazensudgrenoble.com\/index.php\/wp-json\/wp\/v2\/media\/1323"}],"wp:attachment":[{"href":"https:\/\/centrazensudgrenoble.com\/index.php\/wp-json\/wp\/v2\/media?parent=1581"}],"wp:term":[{"taxonomy":"product_brand","embeddable":true,"href":"https:\/\/centrazensudgrenoble.com\/index.php\/wp-json\/wp\/v2\/product_brand?post=1581"},{"taxonomy":"product_cat","embeddable":true,"href":"https:\/\/centrazensudgrenoble.com\/index.php\/wp-json\/wp\/v2\/product_cat?post=1581"},{"taxonomy":"product_tag","embeddable":true,"href":"https:\/\/centrazensudgrenoble.com\/index.php\/wp-json\/wp\/v2\/product_tag?post=1581"}],"curies":[{"name":"wp","href":"https:\/\/api.w.org\/{rel}","templated":true}]}}