{"id":1415,"date":"2025-08-27T13:20:45","date_gmt":"2025-08-27T11:20:45","guid":{"rendered":"https:\/\/centrazensudgrenoble.com\/?post_type=product&#038;p=1415"},"modified":"2025-09-02T14:39:34","modified_gmt":"2025-09-02T12:39:34","slug":"bracelet-en-pierre-naturelle-apatite","status":"publish","type":"product","link":"https:\/\/centrazensudgrenoble.com\/index.php\/produit\/bracelet-en-pierre-naturelle-apatite\/","title":{"rendered":"Bracelet en pierre naturelle Apatite"},"content":{"rendered":"<p data-start=\"249\" data-end=\"482\">L\u2019<strong data-start=\"251\" data-end=\"262\">apatite<\/strong> est une pierre lumineuse qui stimule l\u2019<strong data-start=\"302\" data-end=\"317\">inspiration<\/strong>, la <strong data-start=\"322\" data-end=\"336\">motivation<\/strong> et la <strong data-start=\"343\" data-end=\"363\">confiance en soi<\/strong>. Ce bracelet en perles de <strong data-start=\"390\" data-end=\"398\">6 mm<\/strong> allie \u00e9l\u00e9gance et bienfaits \u00e9nerg\u00e9tiques, id\u00e9al pour accompagner votre quotidien.<\/p>\n<p data-start=\"484\" data-end=\"534\">\ud83d\udc8e <strong data-start=\"487\" data-end=\"530\">Bienfaits de l\u2019apatite en lithoth\u00e9rapie<\/strong> :<\/p>\n<ul data-start=\"535\" data-end=\"757\">\n<li data-start=\"535\" data-end=\"589\">\n<p data-start=\"537\" data-end=\"589\">Favorise la cr\u00e9ativit\u00e9 et l\u2019expression personnelle<\/p>\n<\/li>\n<li data-start=\"590\" data-end=\"640\">\n<p data-start=\"592\" data-end=\"640\">Stimule la motivation et le passage \u00e0 l\u2019action<\/p>\n<\/li>\n<li data-start=\"641\" data-end=\"698\">\n<p data-start=\"643\" data-end=\"698\">Apaise les \u00e9motions, r\u00e9duit le stress et la nervosit\u00e9<\/p>\n<\/li>\n<li data-start=\"699\" data-end=\"757\">\n<p data-start=\"701\" data-end=\"757\">Favorise l\u2019\u00e9quilibre \u00e9motionnel et la confiance en soi<\/p>\n<\/li>\n<\/ul>\n<p data-start=\"759\" data-end=\"901\">\ud83c\udf19 <strong data-start=\"762\" data-end=\"795\">Signes astrologiques associ\u00e9s<\/strong> : G\u00e9meaux, Balance, Sagittaire<br data-start=\"826\" data-end=\"829\" \/>\ud83d\udc96 <strong data-start=\"832\" data-end=\"854\">\u00c9motions soutenues<\/strong> : confiance, motivation, s\u00e9r\u00e9nit\u00e9 int\u00e9rieure<\/p>\n<p data-start=\"903\" data-end=\"1070\">\ud83d\udc49 Un bracelet en <strong data-start=\"921\" data-end=\"952\">pierre naturelle de qualit\u00e9<\/strong>, parfait pour booster vos projets et retrouver l\u2019harmonie int\u00e9rieure, tout en portant un bijou raffin\u00e9 et tendance.<\/p>\n","protected":false},"excerpt":{"rendered":"<p>Pierre de motivation et de confiance, l\u2019apatite stimule la cr\u00e9ativit\u00e9, favorise l\u2019expression personnelle et apaise les \u00e9motions. Associ\u00e9e aux G\u00e9meaux, Balances et Sagittaires, elle aide \u00e0 retrouver \u00e9nergie, clart\u00e9 et s\u00e9r\u00e9nit\u00e9 au quotidien. Un bijou \u00e9l\u00e9gant et porteur de vitalit\u00e9.<\/p>\n","protected":false},"featured_media":1416,"comment_status":"open","ping_status":"closed","template":"","meta":{"_uag_custom_page_level_css":"","_swt_meta_header_display":false,"_swt_meta_footer_display":false,"_swt_meta_site_title_display":false,"_swt_meta_sticky_header":false,"_swt_meta_transparent_header":false},"product_brand":[29],"product_cat":[28],"product_tag":[27],"class_list":{"0":"post-1415","1":"product","2":"type-product","3":"status-publish","4":"has-post-thumbnail","6":"product_brand-centrazen","7":"product_cat-bracelet","8":"product_tag-bleu","10":"first","11":"instock","12":"taxable","13":"shipping-taxable","14":"purchasable","15":"product-type-variable","16":"has-default-attributes"},"uagb_featured_image_src":{"full":["https:\/\/centrazensudgrenoble.com\/wp-content\/uploads\/2025\/08\/1739171984661-1-scaled.webp",2560,1441,false],"thumbnail":["https:\/\/centrazensudgrenoble.com\/wp-content\/uploads\/2025\/08\/1739171984661-1-150x150.webp",150,150,true],"medium":["https:\/\/centrazensudgrenoble.com\/wp-content\/uploads\/2025\/08\/1739171984661-1-300x169.webp",300,169,true],"medium_large":["https:\/\/centrazensudgrenoble.com\/wp-content\/uploads\/2025\/08\/1739171984661-1-768x432.webp",768,432,true],"large":["https:\/\/centrazensudgrenoble.com\/wp-content\/uploads\/2025\/08\/1739171984661-1-1024x577.webp",1024,577,true],"1536x1536":["https:\/\/centrazensudgrenoble.com\/wp-content\/uploads\/2025\/08\/1739171984661-1-1536x865.webp",1536,865,true],"2048x2048":["https:\/\/centrazensudgrenoble.com\/wp-content\/uploads\/2025\/08\/1739171984661-1-2048x1153.webp",2048,1153,true],"woocommerce_thumbnail":["https:\/\/centrazensudgrenoble.com\/wp-content\/uploads\/2025\/08\/1739171984661-1-300x300.webp",300,300,true],"woocommerce_single":["https:\/\/centrazensudgrenoble.com\/wp-content\/uploads\/2025\/08\/1739171984661-1-600x338.webp",600,338,true],"woocommerce_gallery_thumbnail":["https:\/\/centrazensudgrenoble.com\/wp-content\/uploads\/2025\/08\/1739171984661-1-100x100.webp",100,100,true]},"uagb_author_info":{"display_name":"admin9646","author_link":"https:\/\/centrazensudgrenoble.com\/index.php\/author\/"},"uagb_comment_info":0,"uagb_excerpt":"Pierre de motivation et de confiance, l\u2019apatite stimule la cr\u00e9ativit\u00e9, favorise l\u2019expression personnelle et apaise les \u00e9motions. Associ\u00e9e aux G\u00e9meaux, Balances et Sagittaires, elle aide \u00e0 retrouver \u00e9nergie, clart\u00e9 et s\u00e9r\u00e9nit\u00e9 au quotidien. Un bijou \u00e9l\u00e9gant et porteur de vitalit\u00e9.","_links":{"self":[{"href":"https:\/\/centrazensudgrenoble.com\/index.php\/wp-json\/wp\/v2\/product\/1415","targetHints":{"allow":["GET"]}}],"collection":[{"href":"https:\/\/centrazensudgrenoble.com\/index.php\/wp-json\/wp\/v2\/product"}],"about":[{"href":"https:\/\/centrazensudgrenoble.com\/index.php\/wp-json\/wp\/v2\/types\/product"}],"replies":[{"embeddable":true,"href":"https:\/\/centrazensudgrenoble.com\/index.php\/wp-json\/wp\/v2\/comments?post=1415"}],"wp:featuredmedia":[{"embeddable":true,"href":"https:\/\/centrazensudgrenoble.com\/index.php\/wp-json\/wp\/v2\/media\/1416"}],"wp:attachment":[{"href":"https:\/\/centrazensudgrenoble.com\/index.php\/wp-json\/wp\/v2\/media?parent=1415"}],"wp:term":[{"taxonomy":"product_brand","embeddable":true,"href":"https:\/\/centrazensudgrenoble.com\/index.php\/wp-json\/wp\/v2\/product_brand?post=1415"},{"taxonomy":"product_cat","embeddable":true,"href":"https:\/\/centrazensudgrenoble.com\/index.php\/wp-json\/wp\/v2\/product_cat?post=1415"},{"taxonomy":"product_tag","embeddable":true,"href":"https:\/\/centrazensudgrenoble.com\/index.php\/wp-json\/wp\/v2\/product_tag?post=1415"}],"curies":[{"name":"wp","href":"https:\/\/api.w.org\/{rel}","templated":true}]}}